{"id":14204,"date":"2018-02-04T10:00:53","date_gmt":"2020-04-20T07:17:52","guid":{"rendered":"https:\/\/gifted-nightingale.82-223-11-116.plesk.page\/?post_type=product&#038;p=14204"},"modified":"2025-03-19T12:28:46","modified_gmt":"2025-03-19T11:28:46","slug":"fauteuil-java","status":"publish","type":"product","link":"https:\/\/reyma-mobiliario.com\/fr\/productos\/fauteuil-java\/","title":{"rendered":"Fauteuil Java"},"content":{"rendered":"<p>Fauteuil avec structure en aluminium apparent, sp\u00e9cialement pour l&rsquo;ext\u00e9rieur. Ses formes courbes donnent une touche relaxante. Disponible en moelle de diff\u00e9rentes couleurs pour le combiner avec d&rsquo;autres meubles et cr\u00e9er la meilleure atmosph\u00e8re.<\/p>\n","protected":false},"excerpt":{"rendered":"<p><strong> Poids:<\/strong>\u00a03,90 kg<\/p>\n<p><strong> Mat\u00e9riaux <\/strong>:<br \/>\nCadre en aluminium.<\/p>\n<p>Assise et dossier osier blanc<\/p>\n<p><strong> Dimensions <\/strong>:<br \/>\n<img loading=\"lazy\" decoding=\"async\" class=\"alignnone size-full wp-image-11924\" src=\"https:\/\/reyma-mobiliario.com\/wp-content\/uploads\/2025\/03\/2025-java-sillon.jpg\" alt=\"Dimensions fauteuil Java REYMA\" width=\"120\" height=\"120\" \/><\/p>\n","protected":false},"featured_media":14208,"template":"","meta":[],"product_brand":[],"product_cat":[1106,1112],"product_tag":[1144,1362,1168,1170,1255],"class_list":{"0":"post-14204","1":"product","2":"type-product","3":"status-publish","4":"has-post-thumbnail","6":"product_cat-exterieur","7":"product_cat-fauteuils-dexterieur","8":"product_tag-aluminium","9":"product_tag-fauteuil","10":"product_tag-mobilier-dexterieur","11":"product_tag-osier","12":"product_tag-serie-java-fr","14":"first","15":"instock","16":"shipping-taxable","17":"product-type-simple"},"aioseo_notices":[],"_links":{"self":[{"href":"https:\/\/reyma-mobiliario.com\/fr\/wp-json\/wp\/v2\/product\/14204","targetHints":{"allow":["GET"]}}],"collection":[{"href":"https:\/\/reyma-mobiliario.com\/fr\/wp-json\/wp\/v2\/product"}],"about":[{"href":"https:\/\/reyma-mobiliario.com\/fr\/wp-json\/wp\/v2\/types\/product"}],"wp:featuredmedia":[{"embeddable":true,"href":"https:\/\/reyma-mobiliario.com\/fr\/wp-json\/wp\/v2\/media\/14208"}],"wp:attachment":[{"href":"https:\/\/reyma-mobiliario.com\/fr\/wp-json\/wp\/v2\/media?parent=14204"}],"wp:term":[{"taxonomy":"product_brand","embeddable":true,"href":"https:\/\/reyma-mobiliario.com\/fr\/wp-json\/wp\/v2\/product_brand?post=14204"},{"taxonomy":"product_cat","embeddable":true,"href":"https:\/\/reyma-mobiliario.com\/fr\/wp-json\/wp\/v2\/product_cat?post=14204"},{"taxonomy":"product_tag","embeddable":true,"href":"https:\/\/reyma-mobiliario.com\/fr\/wp-json\/wp\/v2\/product_tag?post=14204"}],"curies":[{"name":"wp","href":"https:\/\/api.w.org\/{rel}","templated":true}]}}

<p>Fauteuil avec structure en aluminium apparent, spécialement pour l&rsquo;extérieur. Ses formes courbes donnent une touche relaxante. Disponible en moelle de différentes couleurs pour le combiner avec d&rsquo;autres meubles et créer la meilleure atmosphère.</p>

<p><strong> Poids:</strong> 3,90 kg</p>
<p><strong> Matériaux </strong>:<br />
Cadre en aluminium.</p>
<p>Assise et dossier osier blanc</p>
<p><strong> Dimensions </strong>:<br />
<img loading="lazy" decoding="async" class="alignnone size-full wp-image-11924" src="https://reyma-mobiliario.com/wp-content/uploads/2025/03/2025-java-sillon.jpg" alt="Dimensions fauteuil Java REYMA" width="120" height="120" /></p>
