{"id":16012,"date":"2020-04-02T10:00:29","date_gmt":"2020-05-06T10:17:05","guid":{"rendered":"https:\/\/gifted-nightingale.82-223-11-116.plesk.page\/?post_type=product&#038;p=16012"},"modified":"2023-01-03T11:39:57","modified_gmt":"2023-01-03T10:39:57","slug":"chaise-ginebra","status":"publish","type":"product","link":"https:\/\/reyma-mobiliario.com\/fr\/productos\/chaise-ginebra\/","title":{"rendered":"Chaise Ginebra"},"content":{"rendered":"<p>Chaise d&rsquo;int\u00e9rieur rembourr\u00e9e en diff\u00e9rentes couleurs. Vous permet de configurer la conception du pied, avec 3 mod\u00e8les diff\u00e9rents.<\/p>\n","protected":false},"excerpt":{"rendered":"<p><strong> Poids <\/strong>:<br \/>\nAvec pied C-4: 8,30 kg<br \/>\nAvec pied B-5: 9,75 kg<br \/>\nAvec pied B-14: 10,10 kg<\/p>\n<p><strong> Mat\u00e9riaux <\/strong>:<br \/>\nStructure et rev\u00eatement en acier: blanc, cachemire, marron.<br \/>\nPied B-5, B-5 peint noir, B-14, B-14 peint noir, C-4 peint: d\u00e9co bois blanc, noir ou naturel.<\/p>\n<p><strong>Assemblage\u00a0:<\/strong><br \/>\nBesoin d&rsquo;assemblage.<br \/>\nCarter + Pied<\/p>\n<p><strong> Dimensions <\/strong>:<br \/>\n<img loading=\"lazy\" decoding=\"async\" class=\"alignnone size-full wp-image-11924\" src=\"https:\/\/reyma-mobiliario.com\/wp-content\/uploads\/2017\/09\/ginebra-c4-silla.jpg\" alt=\"Dimensions chaise Ginebra C-4 REYMA\" width=\"120\" height=\"120\" \/><img loading=\"lazy\" decoding=\"async\" class=\"alignnone size-full wp-image-11924\" src=\"https:\/\/reyma-mobiliario.com\/wp-content\/uploads\/2017\/09\/ginebra-b5-silla.jpg\" alt=\"Dimensions chaise Ginebra B-5 REYMA\" width=\"120\" height=\"120\" \/><img loading=\"lazy\" decoding=\"async\" class=\"alignnone size-full wp-image-11924\" src=\"https:\/\/reyma-mobiliario.com\/wp-content\/uploads\/2017\/09\/ginebra-b14-silla.jpg\" alt=\"Dimensions chaise Ginebra B-14 REYMA\" width=\"120\" height=\"120\" \/><\/p>\n","protected":false},"featured_media":24608,"template":"","meta":[],"product_brand":[],"product_cat":[1121],"product_tag":[1347,1169,1249],"class_list":{"0":"post-16012","1":"product","2":"type-product","3":"status-publish","4":"has-post-thumbnail","6":"product_cat-chaises-dinterieur","7":"product_tag-chaises","8":"product_tag-mobilier-interieur","9":"product_tag-serie-ginebra-fr","11":"first","12":"instock","13":"shipping-taxable","14":"purchasable","15":"product-type-variable"},"aioseo_notices":[],"_links":{"self":[{"href":"https:\/\/reyma-mobiliario.com\/fr\/wp-json\/wp\/v2\/product\/16012","targetHints":{"allow":["GET"]}}],"collection":[{"href":"https:\/\/reyma-mobiliario.com\/fr\/wp-json\/wp\/v2\/product"}],"about":[{"href":"https:\/\/reyma-mobiliario.com\/fr\/wp-json\/wp\/v2\/types\/product"}],"wp:featuredmedia":[{"embeddable":true,"href":"https:\/\/reyma-mobiliario.com\/fr\/wp-json\/wp\/v2\/media\/24608"}],"wp:attachment":[{"href":"https:\/\/reyma-mobiliario.com\/fr\/wp-json\/wp\/v2\/media?parent=16012"}],"wp:term":[{"taxonomy":"product_brand","embeddable":true,"href":"https:\/\/reyma-mobiliario.com\/fr\/wp-json\/wp\/v2\/product_brand?post=16012"},{"taxonomy":"product_cat","embeddable":true,"href":"https:\/\/reyma-mobiliario.com\/fr\/wp-json\/wp\/v2\/product_cat?post=16012"},{"taxonomy":"product_tag","embeddable":true,"href":"https:\/\/reyma-mobiliario.com\/fr\/wp-json\/wp\/v2\/product_tag?post=16012"}],"curies":[{"name":"wp","href":"https:\/\/api.w.org\/{rel}","templated":true}]}}

<p>Chaise d&rsquo;intérieur rembourrée en différentes couleurs. Vous permet de configurer la conception du pied, avec 3 modèles différents.</p>

<p><strong> Poids </strong>:<br />
Avec pied C-4: 8,30 kg<br />
Avec pied B-5: 9,75 kg<br />
Avec pied B-14: 10,10 kg</p>
<p><strong> Matériaux </strong>:<br />
Structure et revêtement en acier: blanc, cachemire, marron.<br />
Pied B-5, B-5 peint noir, B-14, B-14 peint noir, C-4 peint: déco bois blanc, noir ou naturel.</p>
<p><strong>Assemblage :</strong><br />
Besoin d&rsquo;assemblage.<br />
Carter + Pied</p>
<p><strong> Dimensions </strong>:<br />
<img loading="lazy" decoding="async" class="alignnone size-full wp-image-11924" src="https://reyma-mobiliario.com/wp-content/uploads/2017/09/ginebra-c4-silla.jpg" alt="Dimensions chaise Ginebra C-4 REYMA" width="120" height="120" /><img loading="lazy" decoding="async" class="alignnone size-full wp-image-11924" src="https://reyma-mobiliario.com/wp-content/uploads/2017/09/ginebra-b5-silla.jpg" alt="Dimensions chaise Ginebra B-5 REYMA" width="120" height="120" /><img loading="lazy" decoding="async" class="alignnone size-full wp-image-11924" src="https://reyma-mobiliario.com/wp-content/uploads/2017/09/ginebra-b14-silla.jpg" alt="Dimensions chaise Ginebra B-14 REYMA" width="120" height="120" /></p>
